 u a prime number?
False
Let j be (2 - 20/6)*-30. Is j/6 - 12/18 prime?
False
Suppose 2*u + a = -3*u + 21, -3*u - 2*a + 14 = 0. Is u composite?
True
Let l(h) = 136*h + 21. Is l(5) composite?
False
Let x = 1900 + -723. Is x a composite number?
True
Let o(k) = 21*k**2 - k + 1. Is o(3) composite?
True
Is 10/25 - (-384)/15 prime?
False
Suppose 4*u + 813 - 8389 = 0. Is u composite?
True
Suppose 52 = 4*t - 0. Is t prime?
True
Let v(n) = n**2 + 1 + 3*n + 0*n**2 - n. Let r be v(-2). Is ((-3)/(-2))/r*14 prime?
False
Let o = 129 + -62. Is o a prime number?
True
Let o = 217 + -144. Let i = -3 - -6. Suppose -8 + 40 = 2*n - i*d, -5*n + 4*d = -o. Is n a composite number?
False
Let f(g) = 8*g**2 - 2*g - 5. Suppose -a + 8 = 4. Is f(a) composite?
True
Let j = -384 + 569. Is j composite?
True
Is 16/12*411/2 composite?
True
Suppose -20 = 3*q + q. Let n = q + 18. Is n a composite number?
False
Let z be 2/6 + (-21)/9. Let x be 0/((-4)/(0 + z)). Suppose -5*p + 4*f + 66 = x, 2*p + 2*f = 5*f + 25. Is p prime?
False
Suppose -k = 6*v - v - 341, -v = 4*k - 1326. Is k composite?
False
Let r = -6 + -1. Let q be 3*(-3)/(-9) + r. Is (-1268)/(-10) + q/(-30) a composite number?
False
Let u = 0 + -2. Let a(z) = -9*z**2 - z + 2. Let t be a(u). Let o = 47 - t. Is o composite?
False
Is (3/2)/(6/148) composite?
False
Let h be 6 + -4 + (0 - -88). Suppose 2*z - h - 26 = 0. Is z composite?
True
Suppose 0 = -2*n - 2*n + t - 16, -4*n - 3*t = 32. Let z(r) = -5*r**2 - 8*r - 7. Let p be z(n). Let u = 1 - p. Is u composite?
True
Let c(d) = d**3 - 8*d**2 + 8*d + 3. Let k = 6 + 5. Suppose -2*j - 4*i + 15 = -k, 18 = 3*j - i. Is c(j) a composite number?
True
Let f = 7 + -3. Suppose f*l + 8 = 64. Is l prime?
False
Suppose -5*b + 10 = -10. Suppose -5*n = -b*h - 0*h - 10, 0 = 2*n - 3*h - 11. Is 6/3 + 31 - n prime?
False
Let o(q) = 162*q + 9. Let y be o(5). Let b = y + -488. Is b prime?
True
Let f(j) = -j + 500. Let p be f(0). Let m = p - 277. Is m a prime number?
True
Suppose 9 - 99 = l + 3*i, -5*l = i + 506. Suppose 3*t - z - 5 = 0, -5*t + 12 = -2*z + 4*z. Is 4*t*l/(-16) a composite number?
True
Let i(z) = -2 + 4*z + 3*z - 2. Suppose u + 2*g = 5*u - 10, g = -u + 10. Is i(u) prime?
True
Let o(w) = 2*w**2 + 9*w - 3. Let y be o(-8). Let z = y + -20. Is z a composite number?
True
Suppose -8*k + 2180 = 2*k. Is k a composite number?
True
Let j be (2/(-4))/((-12)/16536). Suppose 2*q = v + j, 5*v + 218 - 1978 = -5*q. Is q a prime number?
True
Suppose -4 + 41 = x. Let j = x - -10. Is j a composite number?
False
Suppose -2*a = k - 3*k + 1480, -4*a + 3745 = 5*k. Is k a prime number?
False
Let b(a) = a + 2. Let k be b(-2). Let l(j) = 3*j**3 - 4*j**2 + j - 4. Let r(w) = -w**3 + w**2. Let t(o) = -l(o) - 4*r(o). Is t(k) composite?
True
Suppose -4*o = -2*h - 20, -3*h - 32 = 2*h - 4*o. Let y = h - -38. Is y prime?
False
Let o = 11 - 9. Suppose o*a = -3*a - 535. Let p = 158 - a. Is p a composite number?
True
Let v be 1*(3 - (0 + 2)). Is 65 + (-3 + 5)*v composite?
False
Let v(b) = -b. Let h be v(-4). Suppose 310 = h*l - 246. Is l a prime number?
True
Suppose 5*i = 7 + 8. Is ((-14)/i)/(6/(-117)) a prime number?
False
Suppose 0 = 2*m - 1110 + 124. Is m a prime number?
False
Suppose 0 = -5*l - 2*f + 10245, -2*l + 5*f = -5*l + 6166. Is l prime?
False
Let g be 0/(-2) - (4 - 1). Let i be (3 + 6/(-1))/g. Is (2/(-6))/(i/(-9)) composite?
False
Let h = -254 - -369. Let v = h + 12. Is v a prime number?
True
Let n = -127 + 841. Suppose -5*x + n = 79. Is x prime?
True
Let l = 60 - -233. Is l prime?
True
Let q = 31 - -163. Is q composite?
True
Let u(c) = 3*c**3 + 4*c**2 - 10*c + 9. Let k be u(7). Suppose -5*s + k = -s. Is s composite?
True
Let g(j) be the third derivative of -j**9/60480 - j**7/5040 + 23*j**6/720 + j**5/30 - j**2. Let u(z) be the third derivative of g(z). Is u(0) composite?
False
Let k(y) = 3*y**3 - 10*y**2 + 7*y - 22. Let o(w) = -2*w**3 + 7*w**2 - 5*w + 15. Let z(h) = -5*k(h) - 7*o(h). Is z(-4) a prime number?
False
Let w(b) = -b - 8. Let a be w(-7). Is 13 - a - -1 - 2 prime?
True
Is 2*21/(-18)*-57 a prime number?
False
Suppose n = 4*b - 2*b + 83, 282 = 3*n + 5*b. Is n a prime number?
True
Let x = -26 + 39. Suppose -2 = -3*i + x. Suppose -2*l - 42 = -i*l. Is l a prime number?
False
Let z be (64 - 0/3) + 3. Suppose -d = -2*f + z, 4*f + 4*d = -48 + 176. Suppose -q - 14 = -f. Is q prime?
True
Let c(z) be the third derivative of 19*z**6/120 + z**5/30 - z**4/12 + z**3/6 + z**2. Let p(w) = 2*w + 14. Let s be p(-6). Is c(s) a composite number?
False
Suppose -4*g = -2*v - 3*g + 1308, -8 = -4*g. Is v a composite number?
True
Suppose 3*i + x = -0*x - 15, 0 = -i - 3*x + 3. Is 3/1 + i - -40 a prime number?
True
Let y = -2 + -4. Let i = -4 - y. Is (-9)/6 + 23/i prime?
False
Suppose 2*b - 61 - 184 = -n, -n + 5*b + 259 = 0. Is n prime?
False
Let b be ((-3)/(-3))/(1/(-57)). Let i = -147 + 53. Let d = b - i. Is d a prime number?
True
Let l(z) = -4*z**2 + 1 - 2 + 2*z - 2 + z**3 + 6. Suppose 3*y = 5*y - 8. Is l(y) composite?
False
Suppose q - 4*q = 0. Suppose 0*o = -2*o + 5*z + 45, -z + 1 = q. Is o prime?
False
Is (1 - 0)/(5 + (-9545)/1910) prime?
False
Let r(x) = -x**3 + 8*x**2 - 6*x - 7. Let b be r(7). Suppose 0 = -3*w - b*w + 6. Suppose -w*g + 30 = -0*g. Is g prime?
False
Let y(t) = -3*t - 1. Let s be y(-2). Let d be 5*-110*(-6)/4. Suppose 640 = s*k - d. Is k composite?
False
Let k(m) = m**3 + m**2 + 13*m - 10. Is k(12) composite?
True
Suppose -5*f = -2*y + 1155, 0*f = -y - 2*f + 555. Is y a prime number?
False
Suppose 3*z + 1962 = 3*u, -532 + 1805 = 2*u + 5*z. Is u composite?
True
Suppose -182 = 4*g - 890. Is g prime?
False
Suppose 4*g - 3*b + 61 = -4*b, 5*g - 2*b + 86 = 0. Let n = g - -47. Is n a prime number?
True
Let k(b) = -b**3 + 7*b**2 + 8*b + 10. Let x be k(8). Suppose 0 = -4*j - n + 162 - x, 5*j - 4*n - 169 = 0. Is j a composite number?
False
Let j be (-3 - -8)/((-1)/(-42)). Suppose 4*f + j = 4*k + 6*f, 2*k - 93 = 3*f. Is k a composite number?
True
Let w be 1/2*(1 - -7). Suppose -2*l = w*b - 24, -6*b = -2*l - 4*b - 6. Suppose 5*m - l*t = 181, -4*t + 163 = 2*m + 3*m. Is m prime?
False
Let v(f) = f**3 - 10*f**2 + 13*f + 1. Let o(q) = -5*q - 1. Let x be o(-2). Is v(x) prime?
True
Suppose -a - 2 = -2*q, 0*a = -4*q + a + 8. Let f(d) = 72*d - 5. Is f(q) composite?
False
Let t(l) = -l**3 - 2*l**2 + 1. Let q be t(-3). Is (44/10)/(2/q) prime?
False
Let j(l) = -194*l - 3. Is j(-1) prime?
True
Suppose -2*u + 12 = -2*n, -2*n + 2 = u + n. Let d = u - 19. Let b = 23 - d. Is b a prime number?
True
Let b(u) = 6*u**2 + 3*u - 3. Let c be b(-4). Let k = c - 30. Is (-3)/6 + k/2 prime?
False
Is 6*1/(-4)*-898 a prime number?
False
Suppose 4*h - 2*h = 2*y + 64, -5*y = -4*h + 125. Is h composite?
True
Let k = -73 - -364. Let z = -146 + k. Is z composite?
True
Let w(d) = 131 + 3*d + d**3 - d**2 - d - d. Is w(0) a composite number?
False
Is 2*(-2)/4*-109 composite?
False
Let h(j) = 420*j**2 + 2*j + 1. Is h(-1) a composite number?
False
Let m(t) = -t - 12. Let y be m(-7). Is -2 + y*(-100 + -1) composite?
False
Suppose 22*a - 18*a = 7708. Is a prime?
False
Suppose -5*a = -3*s - 6, -3*a = 2*s + s + 6. Let r be 6/((s - -6)/2). Let m = r + 3. Is m a prime number?
False
Let m(v) = -v**3 + v**2 - v + 19. Let a = -1 - -1. Is m(a) a composite number?
False
Suppose 0 = 3*s - 2*s - 953. Is s a prime number?
True
Is (-5)/(275/10) + (-15655)/(-11) composite?
False
Let u be (5592/30)/(2/10). Suppose 3*i - u = -i. Is i prime?
True
Let d = -457 - -750. Is d composite?
False
Suppose -3*c - 5*d - 1203 = -5*c, 0 = -2*d + 10. Is c a prime number?
False
Suppose 4*d = -4*c - d - 36, -3*c - 3*d - 24 = 0. Is -11*(-3 - (c + 8)) a composite number?
True
Suppose -d + 5*y = -1621, -d - y + 8001 = 4*d. Is d a composite number?
False
Let h(q) = -5724*q**2 + 583*q + 583. Let c(z) = -59*z**2 + 6*z + 6. Let o be (-4)/12 + 1748/(-3). Let n(x) = o*c(x) + 6*h(x). Is n(1) prime?
True
Let d(a) = -149*a**3 - 3*a**2 + 5*a + 4. Is d(-3) a composite number?
True
Let m(h) = 7*h**2 - 13*h + 17. Is m(-21) composite?
True
Let m(l) = 7*l**2 + 9*l + 45. Is m(19) a prime number?
False
Suppose 2*w + 5 = -3*w. Is w/(-4) - 59/(-4) composite?
True
Let g(b) = 27*b + 1. Let l be (0/2 - -4)/1. Is g(l) a composite number?
False
Suppose 2*b = -0*b + 1780. Let p = 1563 - b. Is p a composite numbe